 4*w, -2*w - 16 = 2*u - 6*w. Calculate s(u).
0
Suppose 157 = 16*n + 61. Let b(r) = -30*r**3 + 67*r**3 - 36*r**3 - n*r + 3*r**2 - 1. Calculate b(-4).
7
Let l(c) = -220869 + 110427 + 110428 + 3*c. Determine l(17).
37
Let d = 12870 - 12868. Let m(p) = -6 - p**2 + 0 + 4*p + 2. What is m(d)?
0
Let m(t) = -32417*t + 32418*t - 5 + 6. Determine m(2).
3
Suppose 29*l - 33*l - 11 = t, -7 = -t + 2*l. Let a(c) be the first derivative of -c**4/2 - c**3 + 2*c - 2. Calculate a(t).
-3
Let g(p) = -21*p - 145. Let r = 7185 + -7192. Determine g(r).
2
Let k(i) be the third derivative of i**5/3 + 23*i**4/12 + 7*i**3/6 - 527*i**2 - 6*i - 1. What is k(-2)?
-5
Let i(m) be the first derivative of -m**4/2 - 13*m**3/3 + 5*m**2/2 + 2*m - 2311. Determine i(-7).
16
Let u(z) = -7*z - 114. Let x be 288/60*(-80)/24. Give u(x).
-2
Suppose 2*b + o = 3, 0 = -b + o + 41 - 29. Let c(p) = 2*p**3 - 5*p**2 - 4*p + 10. Determine c(b).
115
Let i(f) = -2*f**2 + 9*f - 4. Let z = -416 - -421. Suppose 5*b = 10, 0*b - z*b = -h - 6. Calculate i(h).
0
Let j(b) = b**3 - 3*b**2 + 3*b. Let o = -3 + 2. Let m be -10*1/(o - 0). Suppose 0 = s - 6*s + m. Calculate j(s).
2
Suppose -455 - 193 = 6*n. Let z = n + 108. Suppose j + 5 = z, c + 2*j = 2*c - 12. Let o(u) = u**2 - 1. Give o(c).
3
Let h be (2/(-4) + 3 + -4)*-4. Let s = 31 + 3. Let v(p) = -p**3 - 27*p**2 + 4 - 1 - 7*p + s*p**2. Determine v(h).
-3
Let n(x) = -x - 1749*x**2 - 1 + 5252*x**2 - 1752*x**2 - 1752*x**2 - 6*x**3. Determine n(-1).
5
Let z(d) = 2*d**3 - 31*d**2 + 11*d - 52. Let s(t) = -6*t**3 + 91*t**2 - 33*t + 150. Let c(p) = 6*s(p) + 17*z(p). Determine c(9).
-2
Let u(s) = -11*s**2 - 9*s - 16. Let z(k) = 29*k**2 + 28*k + 49. Let t(p) = -8*u(p) - 3*z(p). Determine t(11).
-30
Let c(u) = 8*u + 156. Let x be c(-22). Let n(i) = 4*i**2 + 3*i**2 + 0*i**2 + 18*i + 2*i + 2 - 6*i**2. What is n(x)?
2
Let m(w) = 11*w - 2*w**2 - 4*w + w**2. Suppose 2*g + 39 = -5*p + 66, -5*p - 3*g = -23. Calculate m(p).
0
Let b(z) = 16*z**2 + 13*z - 231. Let y(d) = 7*d**2 + 6*d - 98. Let m(r) = 3*b(r) - 7*y(r). Let x = -8 - -3. Determine m(x).
-17
Let r(k) = k + 8. Suppose 0 = -5*z + y + 292, -15*z + 230 = -11*z + y. Let u = z + -63. Give r(u).
3
Let j(c) be the first derivative of -c**2/2 - 18*c - 134. Calculate j(-8).
-10
Let o(h) be the first derivative of -h - 1. Let v(p) = -p**2 + 1. Let g be ((-2)/(-1))/(-2*(8 - 7)). Let f(n) = g*v(n) + 2*o(n). Give f(0).
-3
Let z be (14/(616/(-363)))/(12/(-32)). Let g(o) = 5*o - 107. Give g(z).
3
Let i(c) = c + 8. Let r be 0 + (-2)/(-2) - -52. Let f = -4133 + 4075. Let v = r + f. What is i(v)?
3
Let n(u) = 213*u + 120. Let g(y) = -164*y - 90. Let o(x) = 13*g(x) + 10*n(x). Give o(20).
-10
Let i = -5817 - -5839. Let r(q) = q**2 - 24*q + 48. Calculate r(i).
4
Suppose -4*z - 1166 = -2*m, 0*z + 3*m = 2*z + 573. Let u = z - -292. Let x(s) = -s**3 - s**2 - 4*s - 5. What is x(u)?
7
Suppose -40*k - 7*k + 33 = -155. Let z(r) = -r**2 - 3*r + 2. Let j be z(-3). Let t(w) = -w**3 + 0*w**2 + 1 + 3*w**2 - w + 0*w**j. Calculate t(k).
-19
Let w(j) = -j**3 - 3*j**2 + 69*j + 268. Let o be (72/45)/(6/(-15)). What is w(o)?
8
Let u(j) = 8*j - j + 1 + 5 - j**3 - 3*j**2. Suppose -34*i - 7*i = -28208. Let z = 684 - i. Calculate u(z).
-6
Suppose 0 + 8 = -2*t + 2*z, -5*t - 4*z = 11. Let j(i) = 108 - 216 + 106 - 7*i. Let b(n) = -8*n - 1. Let q(l) = -2*b(l) + 3*j(l). Give q(t).
11
Let b(p) = 10*p**2 - 30*p**2 - 14*p - 39 + 19*p**2. Let r be b(-6). Suppose -6 = r*x + 57. Let z(g) = g**2 + 5*g - 8. Determine z(x).
6
Let f = -622 - -625. Let t(w) = w + 2*w + w - 2*w - 1. Calculate t(f).
5
Suppose -4*v = 5*f + 6 - 24, 0 = -v + 3*f - 4. Let o(g) = 25*g**2 - 10*g**2 - 7*g**v - 14*g**2 + 1. What is o(1)?
-5
Suppose 0 = 2*y + 6*y - 48. Let n(w) = -9 + 28 + 2*w - 16 - y*w. Determine n(3).
-9
Let k(m) = -m**2 - 13*m + 6. Let f(t) = 8*t**2 + 13*t + 76. Let l(r) = 9*r**2 + 12*r + 79. Let c(v) = -7*f(v) + 6*l(v). Let q be c(-4). Calculate k(q).
-8
Let o(b) be the second derivative of -b**3/6 + 2*b**2 - 4*b. Let k = -21561 - -21550. Give o(k).
15
Let v(h) be the second derivative of -h**5/20 + 29*h**4/12 - 9*h**3/2 - 13*h**2/2 - 2831*h. What is v(28)?
15
Let r(f) = -9*f**3 - f**2 + f + 1. Let z = 2727 + -2726. What is r(z)?
-8
Let z(y) = -y**3 - 19*y**2 - 15*y + 7. Let f(i) = -2*i**3 - 30*i**2 - 23*i + 10. Let h(k) = -5*f(k) + 8*z(k). What is h(3)?
27
Let k(x) be the first derivative of -1/2*x**2 + 3*x + 2. Let t = 103013 + -103008. Calculate k(t).
-2
Let n(l) = -l**2 + 18*l - 45. Let g = -84 + 135. Suppose 54 = 7*m - g. Let y be n(m). Let h(t) = t**3 + t + 1. What is h(y)?
1
Let u(n) = 2*n**2 - 7*n - 36. Suppose -234 - 360 = -99*j. What is u(j)?
-6
Suppose 5 + 23 = -4*r. Let c(m) be the third derivative of -1/24*m**4 + 0*m + 0 + 46*m**2 - 3/2*m**3. Give c(r).
-2
Let u = 3392 + -3386. Let d(g) = -g**3 + 7*g**2 - 4*g - 12. Calculate d(u).
0
Let a(m) = m**3 - 8*m**2 - 4*m + 28. Suppose -34*k - 12768 + 13040 = 0. Determine a(k).
-4
Let o(t) be the second derivative of 4*t**4/3 + 4*t**3/3 - 15*t**2/2 - 143*t. Let j(a) = 46*a**2 + 23*a - 42. Let w(b) = -6*j(b) + 17*o(b). What is w(-2)?
-15
Let t(g) = -12*g + 8*g + g**3 + 3*g + 2 - 1 + 2*g**2. Let k be (-4)/22 - 15*12/99. Determine t(k).
3
Let n = -50 - -49. Let m(h) = -16*h**3 - 2*h**2 - 2*h - 1. Let t be m(n). Suppose 9 = -5*q + 3*i, -3*q = -q + 5*i - t. Let p(x) = x**2 - x + 11. Give p(q).
11
Let w(l) = -4*l + 20. Let k = -2354 + 2359. Give w(k).
0
Suppose -20*h + 1349 = -21*h. Let m be 1/(-7) - h/133. Let c(k) = k - 21. Give c(m).
-11
Let j(z) be the third derivative of -z**6/120 - z**5/120 + z**4/12 - 41*z**3/6 - 17*z**2. Let h(o) be the first derivative of j(o). Calculate h(2).
-12
Let t(l) = -l**3 + 5*l**2 - 4*l - 2. Suppose 802 = -4*n + 3*n. Let y = n + 804. Give t(y).
2
Let z(q) be the second derivative of -1/3*q**3 + 0 + 49*q - 2/3*q**4 - 5*q**2 - 1/20*q**5. Calculate z(-8).
6
Let f(x) be the second derivative of x**3/2 - 2*x**2 - 13*x. Suppose 0 = -84*o + 17*o + 469. Determine f(o).
17
Let n = -18 - -18. Suppose -2 = -i - n. Let o(u) = -2*u + 7 + 0*u**2 - 5 - 2*u**i. Calculate o(-2).
-2
Let v(i) = -i - 1. Let b = 27 + -20. Let u(h) = -h**3 - h**2 + h + 1. Let o be u(-1). Suppose -3*g - b = 3*l + 2, -5*g = o. Calculate v(l).
2
Let g(p) be the third derivative of -p**5/60 - p**4/3 + p**3/6 + 31*p**2. Suppose o + 9 - 62 = -3*d, 5*d = -o + 91. Suppose 6*h + d + 11 = 0. Calculate g(h).
16
Let m(l) = 2*l - 17. Let d(p) = 10*p - 67. Let v(b) = d(b) - 4*m(b). Give v(-7).
-13
Suppose -11*o = -8*o + 48. Let z(r) = -r - 9. Let s be z(o). Let w(k) = -s*k - k + 0*k + 6*k. What is w(-5)?
10
Let w(k) = -k - 13. Suppose -3*p - 3*j = -63, 3*j = -2*p - 175 + 218. Give w(p).
-33
Let v(t) be the second derivative of -t**4/12 - 23*t**3/6 + 25*t**2/2 + 31*t - 33. Calculate v(-18).
115
Let a(y) = -3*y**2 - 13*y - 6. Let t be (-1 + 4)*(-5)/((-165)/(-44)). Give a(t).
-2
Let i(f) = f**3 + 16*f**2 - 16*f + 14. Let c be i(-17). Suppose 6*k - 3*k = 9. Let n(d) = 4*d - d**2 - d - d**2 - 2*d - 3 - d**k. Calculate n(c).
3
Let d(q) = 7*q**2 + 20*q. Let s(o) = 8*o**2 + 22*o - 3. Let l(f) = -7*d(f) + 6*s(f). Let v be l(-5). Let g(m) = 3*m**2 - 1. Determine g(v).
26
Suppose -4*n = -5*s + n + 20, 3*n + 3 = 0. Let q(v) = 9*v - v - 25*v**s - 7*v - v**2 + 1. Let t be 11 + (-11)/((-55)/(-60)). What is q(t)?
24
Let j(m) = -m**2 - 9*m + 78. Let n = 3972 + -3966. Calculate j(n).
-12
Let t(s) be the second derivative of s**5/20 - s**4/2 + s**3/3 + 2*s**2 + 40786*s. Let k(y) = -y**2 - y + 5. Let b be k(0). What is t(b)?
-11
Let j(x) = -179583*x**2 + 179561*x**2 - 6 - 2*x**3 - 23*x + 3*x**3. Calculate j(23).
-6
Let f(s) = 22*s**3 + 11*s**2 - 7*s + 1. Let i be (((-36)/(-14))/(-3))/(3/21). Let r(y) = 46*y**3 + 24*y**2 - 15*y + 2. Let g(l) = i*r(l) + 13*f(l). Give g(1).
9
Let l(g) = g**3 - 31*g**2 + 60*g - 56. Let d be l(29). Let q(h) be the first derivative of -2*h + 1/3*h**3 - 7/2*h**d + 15. Calculate q(6).
-8
Let v(p) = 0*p - 171 - p + 82 + 63 + 2*p. Calculate v(24).
-2
Let h = 2715 + -2722. Let a be 24/14 - (-4)/14. Let j(v) = -4*v + 10 + 2*v**a - 2*v**2 - v**2. Calculate j(h).
-11
Suppose 132 = -18*d + 22*d. Let v(b) = -21 + b**3 + d - 3*b**2 - 12. Give v(2).
-4
Let u(d) = d**3 + 33*d**2 - 38*d - 19. Let w be u(-34). Let v = -120 + w. Let k(h) = -h**2 - h +